 highest common factor of 20 and b.
5
Suppose 2*y = y + 67. Suppose 0 = b + 6, -46*b + 1358 = 4*d - 49*b. Calculate the highest common divisor of d and y.
67
Suppose -35*a = -56460 + 50685. Calculate the highest common divisor of a and 915.
15
Let p(v) = -160*v - 6760. Let w be p(-43). Calculate the highest common divisor of 705 and w.
15
Suppose -4 = 4*b + 4*k, 60 = -57*b + 61*b - 4*k. What is the greatest common factor of 30457 and b?
7
Let l = -7 - 88. Let z = l + 124. What is the highest common divisor of z and 232?
29
Let k be 2/7 - (-1 - (-102)/14). Let n = k + 10. Let v be n + (-4 - -3)*-4 - 4. Calculate the greatest common factor of v and 20.
4
Suppose 157272*a = 157279*a - 1302. Let h be ((-2)/4)/(-1)*248. Calculate the highest common divisor of h and a.
62
Let i = 193 - 179. Suppose -29 + 365 = i*h. What is the greatest common divisor of h and 720?
24
Suppose -5*z + 84 - 9 = 0. Suppose -4*x = 3*a - 636, 166*a - 16 = 168*a. What is the highest common divisor of z and x?
15
Suppose -18*y + 4631 = -2389. What is the highest common factor of 540 and y?
30
Let v(j) = 38*j - 3. Let c be v(6). Suppose -7126*g + 7045*g + 729 = 0. What is the highest common divisor of g and c?
9
Let g = 1429 + -1327. What is the greatest common factor of 36 and g?
6
Suppose 5*v + 73 - 2073 = 1275. What is the greatest common divisor of v and 10?
5
Let y = -114 + 172. Let p be y/3 + 18/27. Calculate the greatest common divisor of p and 50.
10
Suppose -2*n + 755 - 658 = -7*g, -4*n + 274 = 2*g. What is the greatest common factor of n and 2717?
11
Let g(r) = 10*r - 11. Let v be g(7). Let i = -91 + v. Let q be (-2 - (-28)/16)*-4 - i. Calculate the highest common divisor of q and 44.
11
Let u = 142 + -58. Let a(q) = -58*q**3 + 3*q**2 + q. Let j be a(-1). Suppose -j = -2*g - 3*g. Calculate the highest common divisor of g and u.
12
Let m(v) = -v**3 - 22*v**2 - 75*v - 420. Let n be m(-20). Let b = 99 + -71. What is the highest common divisor of n and b?
28
Let f = -32 - -34. Let v = 0 - 0. Suppose -4 = 5*h - 5*r + 11, v = 4*h + 3*r - 23. Calculate the greatest common factor of h and f.
2
Suppose -347*q + 806183 = 201015. What is the greatest common factor of q and 64?
16
Suppose 8*t + 5860 = 52788. Calculate the highest common divisor of 14 and t.
14
Suppose 293 = -4*b - 5*p, 3*b + 5*p + 225 = 3*p. Suppose -548 = 19*v - 23*v. Let w = b + v. What is the highest common factor of 5 and w?
5
Suppose 3*y - 401 = h, -4*h = -6*y + 5*y + 119. Suppose 6*j - 491 = 247. Let w = y - j. What is the highest common factor of 4 and w?
4
Let g(m) = -m**3 - 6*m**2 + 15*m - 14. Let r be g(-7). Let h = 116 + r. Calculate the highest common divisor of 230 and h.
46
Suppose 6*k = -3*i + 687, -7*i + 9*i + 10 = 0. Calculate the greatest common factor of k and 312.
39
Suppose -m + 7*l = 5*l - 158, -2*m = 2*l - 322. Calculate the highest common factor of 110 and m.
10
Let i(z) = 9*z**2 - 6*z - 22. Let q be i(-3). Suppose 4*h = 5*y - 60, 3*h + h = -2*y + 24. Let t = 23 - y. Calculate the greatest common factor of q and t.
11
Let o(n) = n**3 + 9*n**2 + 6*n + 7. Let r be o(-3). Suppose -183 + r = -7*p. Calculate the greatest common factor of p and 20.
20
Let k(m) = m - 4. Let g be k(-8). Let b = 33 + g. Let s be ((-3)/(-1))/(-6) - (-425)/10. What is the greatest common divisor of s and b?
21
Let d(a) = 33*a + 59. Let m be d(-6). Let h = m - -307. Let j = -4 - -28. What is the highest common divisor of h and j?
24
Let a(v) = -v**3 + 4*v**2 - 3*v + 2. Let p be a(3). Let i be (-2)/4*-20 - (-13 + 12). Suppose -i = -p*r + 3. Calculate the greatest common factor of r and 77.
7
Suppose 86 = 4*d - 506. Suppose 146*f + 200 = d*f. Calculate the highest common factor of f and 200.
100
Let l(g) = g**3 + 19*g**2 - 19*g + 48. Let x be l(-20). What is the greatest common factor of 217 and x?
7
Let r be (-4116)/(-49)*(12/((-8)/4))/(-2). Let t(d) = 15*d + 3. Let b be t(4). Calculate the highest common divisor of r and b.
63
Let f(v) = 176*v - 16. Let q be f(6). Let t(p) = 7*p**2 + 121*p - 361. Let m be t(3). Calculate the greatest common divisor of q and m.
65
Let c(q) = q**2 - 11*q + 18. Let a be c(9). Suppose -7 = -p - a. Suppose -5*y - 336 = -p*y. Calculate the greatest common divisor of y and 14.
14
Let v be (-5 - (-1 + 28/(-8)))*-196. Suppose 1102 = t - v. Calculate the greatest common factor of t and 75.
75
Let m(w) = w**3 + 20*w**2 + 17*w - 28. Let y be m(-7). Suppose 0 = 2*t - 9*b + 8*b - 24, -4*b + 4 = 2*t. What is the greatest common factor of t and y?
10
Let h(b) = 7 + b**3 + 0 + 17*b**2 + 2*b - 1 - 12*b**2. Let k be h(-4). Let w = k - 0. What is the highest common divisor of w and 7?
7
Suppose -30396 + 150134 = 46*y. Calculate the highest common divisor of y and 685.
137
Let g(x) = -8*x - 1 - 9 + 58. Let i(q) = q + 1. Let n(v) = g(v) + 2*i(v). Let k be n(7). What is the highest common divisor of k and 20?
4
Let r(k) = -224*k + 157. Let s be r(-6). Calculate the highest common divisor of 95 and s.
19
Let u(k) = -11*k**2 - 40*k - 17. Let o(a) = 10*a**2 + 40*a + 19. Let q(i) = -4*o(i) - 5*u(i). Let z be q(-3). Calculate the greatest common factor of 66 and z.
6
Suppose 5*s + x + 210 = 0, -3*s + 3*x - 210 = 2*s. Let t = -888 - -936. Let f = s + t. Calculate the highest common factor of 66 and f.
6
Let w = 44273 + -30105. Calculate the highest common divisor of w and 8.
8
Suppose 5*v - 5*r = 15, -2*v = 2*v + 4*r - 36. Let a be 1497/13 + (-4)/26. Suppose -a*o = -117*o + 16. Calculate the highest common factor of o and v.
2
Let x = 17053 + -17035. Let o = 8 - 13. Let g(p) = -p**3 - 2*p**2 + 5*p - 5. Let i be g(o). Calculate the highest common factor of i and x.
9
Let r be (1 + 25/(-20))*-52. Suppose -20*i - 37 = -2897. Calculate the highest common divisor of i and r.
13
Let b(v) = 29*v + 1048. Let o be b(6). What is the highest common divisor of 470 and o?
94
Suppose 681*d = 1009*d - 6199200. What is the highest common divisor of 100 and d?
100
Let h = 11599 - 11089. Calculate the highest common divisor of h and 375.
15
Suppose -37 = 7*a - 65. Let w(o) = 67*o - 28. Let j be w(a). What is the greatest common divisor of 30 and j?
30
Let r(v) = 9*v. Let b be r(2). Let c = 47 + -56. Let t(f) = f**3 + 10*f**2 + 11*f + 30. Let i be t(c). Calculate the highest common divisor of i and b.
6
Let y = 132 - 98. Suppose 8 = 3*z - y. What is the greatest common divisor of 4 and z?
2
Let g = 32 - -52. Suppose -1630 - 2024 = -68*l - 19*l. What is the greatest common divisor of l and g?
42
Let l(z) = -127*z**3 + 139*z**2 + 423*z + 3. Let p be l(-3). Calculate the greatest common divisor of 6 and p.
6
Let h = 19737 + -16222. What is the highest common factor of h and 2960?
185
Let q(f) = -11*f**2 + 169*f + 12. Let a be q(13). Calculate the greatest common divisor of a and 182.
14
Suppose -88*u = -6928 + 2704. What is the highest common factor of 2748 and u?
12
Let i be 1/2*(-3 - -13). Suppose k + 0*k - i*r = 6, 2 = 5*k + 3*r. Calculate the highest common divisor of k and 1.
1
Suppose 3299 + 57 + 1698 = 14*w. Calculate the highest common divisor of 779 and w.
19
Suppose 5*v = -0 - 10, 3*k - 5*v = 2257. What is the highest common divisor of 535 and k?
107
Let d be 8128/20 - (-18)/(-45). Suppose 0 = 2*h - d - 12. What is the highest common divisor of h and 19?
19
Suppose -282 - 12858 = 5*m. Let y be 1 - m/14 - 8/(-28). Calculate the highest common divisor of y and 21.
21
Suppose -3*r + 5*t + 9 = 0, -3*r - 2*t = -0 - 9. Suppose 0 = -7*l + 15*l + 1296. Let h = -159 - l. What is the highest common factor of r and h?
3
Let u(q) = 148*q + 521. Let f be u(-3). Let j = -38 + 65. Suppose 8 = 5*h - j. What is the highest common factor of h and f?
7
Let b(v) = -v + 106. Let y(t) = -2*t + 318. Let a(s) = -16*b(s) + 5*y(s). Let w be a(22). What is the greatest common factor of w and 2?
2
Let a be (-2)/(-6) + (-3920)/(-12) + -9. Let n = 350 - a. What is the greatest common factor of 88 and n?
8
Let c be 6/(-39) - 93*2/(-26). Let f(k) = -4*k + 94. Let n be f(c). What is the highest common factor of 12 and n?
6
Let z = 16 + -16. Suppose 5*h - 4*q - 638 = z, -4*h + 6*q - q = -514. Let g be 4/(-20) + (-844)/(-20). What is the greatest common factor of g and h?
42
Let q be (-27)/126 + 9414/28. Calculate the greatest common factor of 1260 and